t?
1
Suppose 12*n = 7*n + 300. Suppose l = -4*l - n. What is the units digit of 406/8 + (-3)/l?
1
Let h = -5 - -8. Suppose 3*x - 169 - 49 = -y, -h*y + 289 = 4*x. What is the tens digit of x?
7
Let v(w) = 235*w**3 - 4*w**2 + 3*w. What is the units digit of v(1)?
4
Let t(z) = 5*z**2 + 17*z - 44. What is the tens digit of t(11)?
4
Let r(c) = -33*c - 165. What is the tens digit of r(-9)?
3
What is the hundreds digit of (-16)/(-20) + (-83004)/(-20)?
1
Let d(m) = m**3 - 2*m**2 - 3*m - 4. Suppose -1 = y - 2*j, 31 + 4 = 4*y + 5*j. Let c be d(y). Let w = 79 - c. What is the units digit of w?
3
Let l be (-4)/(-14) - 182/(-49). Suppose -4*m = -336 - l. Suppose -5*z = -m - 90. What is the units digit of z?
5
Let s be (-160)/(-6) - 8/12. Let o = 30 - s. Suppose 4*h + 5*k - o*k = 128, 0 = -4*k. What is the units digit of h?
2
Suppose 10*l - 36 = 4*l. Let z = 11 - l. Suppose z*g = -10, 73 = y + g - 2*g. What is the tens digit of y?
7
Suppose -2*z + 4 + 0 = 0. Suppose -2*u + 87 + 69 = 0. Suppose z*f - u = -f. What is the tens digit of f?
2
Suppose m - 12 = 21. Suppose i = 3*g - 106, g + i - m = -3. What is the units digit of g?
4
Let b be ((-6)/(-9))/(-1) + 1365/63. Suppose 3 = 3*u, -9 = x + u + 4*u. Let y = b + x. What is the units digit of y?
7
Let d(w) = w**3 + 26*w**2 + w + 26. Let o be d(-26). Suppose o = -5*h + 3*x - 2*x + 948, -2*h - 3*x + 386 = 0. What is the units digit of h?
0
Suppose 2*c = 5*c + 5*y - 142, -178 = -3*c + 4*y. Let a = -31 + c. What is the units digit of a?
3
Suppose -5*k = 5*b - 1920, 2*b - k + 0*k - 783 = 0. Suppose -2*x + 158 = 2*n, 5*n + 0*n - b = -2*x. What is the units digit of n?
7
What is the units digit of 2936/2*(3/4 + 2)?
7
Let q be (-340)/(-24) - (-3)/(-18). Suppose 0 = -17*z + q*z + 234. What is the units digit of z?
8
Let y = 2570 + -1775. Suppose -5*r + y + 255 = 0. What is the tens digit of r?
1
Let i be (-1)/(-2)*-10 + 1. Let h be 6 + i - (-1 + -2). Suppose -4*b = -h*z - 68, -b + 5*z = -0 - 2. What is the units digit of b?
2
Suppose -4*i + 8 = 4*p, 5*i = i + 16. What is the tens digit of (-14)/(p/(-2) - (-21)/(-14))?
2
Let g(o) = 39*o**2 - 14*o - 33. What is the units digit of g(-12)?
1
Suppose -3*i - 195 = -3*g, -5*i + 155 = 3*g - 0*i. Suppose -v + 42 + g = 0. What is the tens digit of v?
0
Let k(m) = -m**3 + 2*m**2 + 4*m - 3. Let q be k(3). Suppose q = -0*b + 2*b + 112. Let v = b + 121. What is the tens digit of v?
6
Suppose 21*q - 5153 - 5746 = 0. What is the tens digit of q?
1
Let b = 29 + -7. What is the units digit of 106/b + (-6)/(-33)?
5
Suppose 0 = -s - 3*h + 11, 0 = s + s + 3*h - 13. Suppose s*q - q - 114 = 0. What is the units digit of q?
4
Suppose -21 = -r - 4*l, 2*r - 3*l + 6 = l. Suppose -87 = -6*d + r*d. What is the tens digit of d?
8
Let y(z) = -z. Let s be ((-1)/(-3) + -1)*9. Let i be y(s). Suppose -i + 10 = 2*g. What is the units digit of g?
2
Suppose 54*d = 62*d - 10176. What is the units digit of d?
2
Let q(x) = 4*x**2 - 6*x + 10. Let m be q(-8). Suppose 3*y = -2*j + m, 5*y - 5*j + 23 = 588. Let u = y - 65. What is the tens digit of u?
4
Let k be (-2)/(-8) + 14/8. Suppose 2*d + 4 = 4*d + o, k*d = -4*o - 2. Suppose 8*n = d*n + 65. What is the tens digit of n?
1
Let a = -61 - -35. Let l = -25 - a. Let y(f) = 17*f + 1. What is the units digit of y(l)?
8
Let q be (-35)/2 + 1/(-2). Let m(z) = 4*z - 22. Let w be m(17). Let b = q + w. What is the units digit of b?
8
Suppose 6*o = o, o + 4 = -h. Let x(i) = 8*i**2 - 5. What is the units digit of x(h)?
3
Suppose -155*o = -159*o + 12656. What is the tens digit of o?
6
Let f = 7 + 1. Let i be 32/14 - f/28. Suppose -i*a = -0*a - 10. What is the units digit of a?
5
Let m(y) = 2*y**2 - 10*y + 6. Let w be m(8). Suppose -127 = -4*a - 3*v, 2*a = -3*a - v + 167. Let t = w - a. What is the units digit of t?
0
Suppose 11*b - 25414 = 39860. What is the units digit of b?
4
Let h = 340 + -212. Suppose -v + 0*v = -h. What is the hundreds digit of v?
1
Let j = -65 + 366. What is the tens digit of j?
0
Let c = 3105 + -1611. What is the hundreds digit of c?
4
What is the units digit of (-27)/(-216) + (-3071)/(-8) + -1?
3
Let m = 229 + -599. Let k = 647 + m. What is the units digit of k?
7
Let m(k) = k - 3. Suppose -a + 8 = -7. What is the tens digit of m(a)?
1
Let p = 9 + -17. Let a = 63 - 27. What is the units digit of 27/a - 194/p?
5
Let z be (1 - 2)*(-11 + 14). What is the tens digit of 1 + (-844)/(-4) + z?
0
Let p(s) = -s - 11. Let w be p(-11). Suppose -4*m - 5*q + 2 + 6 = w, 3*q + 19 = m. What is the units digit of (2 + (-1 - m))*-1?
6
Suppose -600 = -3*f - 2*w + 606, 2*f - 797 = w. What is the units digit of f?
0
Suppose -4*p = t - 156, -2*t - 5*p + 325 = -2. What is the hundreds digit of t?
1
Let p(j) be the first derivative of j**2/2 + 5*j - 1. Let g be p(7). What is the tens digit of (6/g)/((-1)/(-76))?
3
Let n be (-18)/(-24) - (-23)/(-4). Let d be 160/(-25) - 2/n. What is the units digit of (9/(-3))/d*52?
6
Let i(g) = 2*g**2 + 7*g + 5. Let k be i(-6). Let u be (-30)/7 + 10/k. Let s = 14 - u. What is the tens digit of s?
1
Let r(y) = y**2 - 8*y - 9. Let q be r(9). Let f be (-2 + q)/((-6)/15). Let z(x) = -x**3 + 6*x**2 - 4*x - 3. What is the units digit of z(f)?
2
Suppose 2*t = -4*q + 20, -2*q = t - 5*q + 15. Let u = -69 + 56. Let l = t - u. What is the units digit of l?
3
Let w(l) = -124*l + 410. What is the hundreds digit of w(-18)?
6
Let o be (1 - 1)*13/13. Suppose 5*q - 317 = r, -5*r - 113 = -o*q - 2*q. What is the tens digit of q?
6
Let l(m) = -2*m - 16. Let o be l(-9). Suppose -o*y + 216 = -u, -4*u + 2*u + 531 = 5*y. What is the units digit of y?
7
Let a(z) be the third derivative of -z**5/20 + 47*z**4/24 + 3*z**3 + 7*z**2. What is the units digit of a(16)?
2
Let j(r) = 5*r + 79. What is the tens digit of j(4)?
9
Suppose -7340 = -174*r + 164*r. What is the tens digit of r?
3
Let k(o) = -o**2 - 28*o + 31. Let u(d) = -4*d**2 - 5*d + 1. Let a be u(2). What is the hundreds digit of k(a)?
1
Let z = 3545 + -1858. What is the tens digit of z?
8
Let w(j) = -10*j + 13. Let f(p) = p**2 + 7*p - 4. Let x be f(-8). Let o(g) = -5*g + 6. Let y(a) = x*w(a) - 7*o(a). What is the tens digit of y(-7)?
4
Let c(j) = j**2 + j - 12. Let t be 1*-2*(-19 - -16). Let g be c(t). Let h = g + 18. What is the units digit of h?
8
Let g = -5 - -6. What is the tens digit of g/(-7) + 3477/133?
2
Let a(j) = 3*j**3 - 3 + 1 + 2*j - 4*j**3 + 3*j**2 + 2*j**2. Let d be a(5). Suppose 7 = 5*w - d. What is the units digit of w?
3
Let v = 4637 + -2708. What is the hundreds digit of v?
9
Let u(a) = -a**3 - 4*a**2 + 7*a + 10. Let x be u(-5). Suppose x = -c - 59 - 39. What is the units digit of (-112)/c + (-2)/14?
1
Suppose 0 = -4*u - 16, -2*u - u + 34 = -c. Let l = c + 58. What is the tens digit of l?
1
Let v = 0 + 0. Let o be 0*((-2)/14)/((-8)/(-28)). What is the tens digit of 23 - (v - o/3)?
2
Suppose 16101 = 59*l - 56*l. What is the thousands digit of l?
5
Suppose -3*n - 2*w + 40 = -32, -3*w = 0. What is the units digit of (2/(-6))/((-1)/n)?
8
Let z(s) = 10*s**2 + 4*s - 2. Let q = -37 - -39. What is the units digit of z(q)?
6
Suppose 58*h + 30 = 64*h. Suppose -a = 4*a - 575. Suppose 0*c = h*c - a. What is the units digit of c?
3
Suppose m - 2*g = -6, -4*m + 4*g - 1 - 3 = 0. Suppose -8*q - 2*j + 23 = -3*q, m*q - 4*j = -4. What is the units digit of q?
3
Suppose 50 = -10*u + 11*u. What is the tens digit of u?
5
Let d(g) be the first derivative of -g**4/4 + g**3 + 3*g - 3. Let x be d(3). Suppose -p + t = -68, -p = -0*t - x*t - 60. What is the units digit of p?
2
Let k be (0/(-1) + 3)*(-3)/(-3). Suppose -2*s = -5*j + 455, -450 = -5*j - 0*s + k*s. What is the units digit of j?
3
Let r(t) = t**3 + 138. Suppose 0 = -v - 0*c - c - 3, v = 3*c + 9. What is the units digit of r(v)?
8
Let v(y) = -3*y + 14. Suppose -35 = 4*z - 11. What is the tens digit of v(z)?
3
Let c(o) = -o**3 + 16*o**2 + 4*o - 11. What is the tens digit of c(14)?
3
Suppose -2*n = 10*n - 1176. What is the units digit of n?
8
Let r(u) be the first derivative of -u**2/2 + 13*u + 6. Let p be r(8). Suppose 0 = -5*j + 25 - p. What is the units digit of j?
4
Let r = -172 - -325. Let s = r + -104. What is the tens digit of s?
4
Suppose 0 = -149*d + 166*d - 12563. What is the tens digit of d?
3
Let f(g) = -g - 15. Let y be f(-19). What is the tens di